?
5
What is the hundred millions digit of 728299207?
7
What is the ten thousands digit of 78566906?
6
What is the hundreds digit of 49795736?
7
What is the thousands digit of 7330344518?
4
What is the ten thousands digit of 531244737?
4
What is the ten millions digit of 378777256?
7
What is the units digit of 374779225?
5
What is the hundred thousands digit of 1707147513?
1
What is the hundred thousands digit of 43315563?
3
What is the hundred millions digit of 606281876?
6
What is the ten thousands digit of 1442744626?
4
What is the hundreds digit of 3460843?
8
What is the tens digit of 6322092114?
1
What is the units digit of 5263294840?
0
What is the hundred thousands digit of 5908761263?
7
What is the millions digit of 5492318062?
2
What is the units digit of 241352913?
3
What is the ten thousands digit of 361948835?
4
What is the ten millions digit of 1571000882?
7
What is the hundreds digit of 100077232?
2
What is the hundreds digit of 89317283?
2
What is the ten thousands digit of 332376539?
7
What is the hundred thousands digit of 3936259?
9
What is the millions digit of 7558009966?
8
What is the thousands digit of 276339087?
9
What is the thousands digit of 56899121?
9
What is the ten thousands digit of 407477732?
7
What is the ten millions digit of 87374999?
8
What is the hundred thousands digit of 27140156?
1
What is the hundred millions digit of 789605112?
7
What is the millions digit of 92729961?
2
What is the ten millions digit of 4101083432?
0
What is the tens digit of 53451037?
3
What is the millions digit of 122192267?
2
What is the ten millions digit of 14214248?
1
What is the hundred millions digit of 6598999289?
5
What is the ten millions digit of 45218173?
4
What is the hundred thousands digit of 35939118?
9
What is the ten thousands digit of 5057670?
5
What is the ten millions digit of 40543922?
4
What is the hundreds digit of 2395770729?
7
What is the hundreds digit of 832327902?
9
What is the ten millions digit of 1107590768?
0
What is the tens digit of 543321572?
7
What is the hundred thousands digit of 26365210?
3
What is the ten millions digit of 467242543?
6
What is the tens digit of 490225271?
7
What is the thousands digit of 171317475?
7
What is the tens digit of 4932012918?
1
What is the thousands digit of 246535319?
5
What is the hundred millions digit of 867218827?
8
What is the millions digit of 84088972?
4
What is the tens digit of 418747557?
5
What is the units digit of 18473612?
2
What is the thousands digit of 142160797?
0
What is the thousands digit of 18243937?
3
What is the billions digit of 4359679810?
4
What is the hundreds digit of 297212809?
8
What is the tens digit of 222259737?
3
What is the millions digit of 825875105?
5
What is the ten millions digit of 927742038?
2
What is the ten thousands digit of 289379697?
7
What is the millions digit of 59006837?
9
What is the hundreds digit of 17765553?
5
What is the millions digit of 21076382?
1
What is the tens digit of 801635912?
1
What is the units digit of 1854424893?
3
What is the units digit of 294477736?
6
What is the units digit of 233713282?
2
What is the hundreds digit of 66724572?
5
What is the hundred millions digit of 116420767?
1
What is the hundred millions digit of 444021908?
4
What is the millions digit of 890660654?
0
What is the millions digit of 4334768?
4
What is the hundred millions digit of 8561176318?
5
What is the units digit of 3005104?
4
What is the ten thousands digit of 592697286?
9
What is the millions digit of 1327151513?
7
What is the ten millions digit of 1713846989?
1
What is the ten millions digit of 2590029917?
9
What is the ten millions digit of 57398705?
5
What is the ten millions digit of 26597484?
2
What is the hundreds digit of 1598685026?
0
What is the ten millions digit of 3730096705?
3
What is the millions digit of 313192486?
3
What is the millions digit of 17050581?
7
What is the tens digit of 56499038?
3
What is the units digit of 34419058?
8
What is the hundreds digit of 950695692?
6
What is the hundred thousands digit of 7448792258?
7
What is the thousands digit of 55230056?
0
What is the millions digit of 1357755873?
7
What is the units digit of 6491002868?
8
What is the tens digit of 931084874?
7
What is the ten millions digit of 2745027161?
4
What is the hundreds digit of 455512667?
6
What is the thousands digit of 700429708?
9
What is the millions digit of 1267906565?
7
What is the millions digit of 683155033?
3
What is the thousands digit of 79623605?
3
What is the hundred thousands digit of 97541286?
5
What is the thousands digit of 2040892450?
2
What is the ten thousands digit of 429999984?
9
What is the thousands digit of 266183184?
3
What is the ten thousands digit of 757478221?
7
What is the hundreds digit of 20517278?
2
What is the billions digit of 5289770534?
5
What is the hundred millions digit of 237468873?
2
What is the hundred millions digit of 564080943?
5
What is the units digit of 796523510?
0
What is the tens digit of 329631776?
7
What is the hundred thousands digit of 117050634?
0
What is the thousands digit of 1497793712?
3
What is the millions digit of 3031722985?
1
What is the thousands digit of 60761740?
1
What is the tens digit of 1251600861?
6
What is the ten thousands digit of 965704769?
0
What is the thousands digit of 24652662?
2
What is the tens digit of 499494745?
4
What is the hundreds digit of 133610099?
0
What is the tens digit of 18840844?
4
What is the millions digit of 3827488163?
7
What is the ten millions digit of 185419934?
8
What is the hundred millions digit of 189082467?
1
What is the hundred thousands digit of 1533382340?
3
What is the hundred millions digit of 257475085?
2
What is the millions digit of 2249009793?
9
What is the ten millions digit of 442985914?
4
What is the units digit of 19194190?
0
What is the units digit of 101862658?
8
What is the ten thousands digit of 150508624?
0
What is the units digit of 14519975?
5
What is the thousands digit of 170789951?
9
What is the hundred thousands digit of 7717465?
7
What is the units digit of 5999802183?
3
What is the ten thousands digit of 51439182?
3
What is the ten thousands digit of 1609317334?
1
What is the hundred thousands digit of 59022301?
0
What is the hundred thousands digit of 3240441133?
4
What is the thousands digit of 71606457?
6
What is the millions digit of 103894889?
3
What is the hundreds digit of 34616973?
9
What is the ten thousands digit of 22468037?
6
What is the units digit of 94410699?
9
What is the tens digit of 9399885?
8
What is the hundred thousands digit of 132593043?
5
What is the ten millions digit of 45608002?
4
What is the millions digit of 326204978?
6
What is the ten thousands digit of 1224378670?
7
What is the ten millions digit of 96119510?
9
What is the ten thousands digit of 4207065452?
6
What is the hundreds digit of 83578248?
2
What is the millions digit of 103883777?
3
What is the thousands digit of 7340398314?
8
What is the thousands digit of 4086627038?
7
What is the ten millions digit of 1795969766?
9
What is the hundreds digit of 866193438?
4
What is the tens digit of 51934738?
3
What is the millions digit of 34387945?
4
What is the hundred millions digit of 7914128860?
9
What is the billions digit of 1353852893?
1
What is the millions digit of 11692693?
1
What is the tens digit of 30957850?
5
What is the thousands digit of 1738268790?
8
What is the units digit of 54365000?
0
What is the hundred thousands digit of 44517523?
5
What is the ten millions digit of 2300091862?
0
What is the ten millions digit of 329634909?
2
What is the millions digit of 383632405?
3
What is the millions digit of 53185373?
3
What is the hundreds digit of 287800092?
0
What is the hundred millions digit of 3473345507?
4
What is the tens digit of 105643277?
7
What is the thousands digit of 159174403?
4
What is the millions digit of 359927778?
9
What is the hundreds digit of 2663580?
5
What is the millions digit of 205655194?
5
What is the units digit of 23433779?
9
What is the millions digit of 1325048019?
5
What is the thousands digit of 55070819?
0
What is the hundreds digit of 435429497?
4
What is the hundred millions digit of 888100173?
8
What is the hundred thousands digit of 179